s = 2*t - 98, -c*t + 8 = -8. List the prime factors of s.
2, 3
Let a = 2 + 4. What are the prime factors of a + (-4 - -1) + 7?
2, 5
Let s(d) be the second derivative of 3*d**5/10 - d**4/12 - d**3/6 + 2*d. Let t be s(-1). Let c(n) = n**3 + 7*n**2 + 7*n + 9. What are the prime factors of c(t)?
3
Let i be (-2 + 1 - -1)/2. Suppose -4*n - 2*f + 34 = -i*n, 2*f - 18 = -2*n. Let l = 12 - n. List the prime factors of l.
2
Let y = -14 - -10. Let q = y + 11. List the prime factors of q.
7
Suppose s + 2*t + 1 = 0, 5 = -3*s - 4*t - t. Let w(k) be the second derivative of -k**3/2 - 3*k**2/2 - 2*k. What are the prime factors of w(s)?
2, 3
Let o(h) = -h**3 - 8*h**2 - 7*h + 7. What are the prime factors of o(-7)?
7
Let v(c) = c**2 - 10*c + 15. Let b be v(9). Suppose -b*d = -2*d - 136. List the prime factors of d.
2, 17
Let j = 15 - 10. Let z(n) = -2 - 7*n + 3 - 3 + 2*n**2. What are the prime factors of z(j)?
13
Suppose 5*a - 911 + 252 = 3*b, 0 = b + 3. List the prime factors of a.
2, 5, 13
What are the prime factors of (1296/(-28))/(-3)*7?
2, 3
Let z = 2 - 6. Let c = z - -8. Suppose 17 - 1 = c*q. What are the prime factors of q?
2
Let k(h) = 6*h**3 - h**2 + 1. Let v = 3 + -2. Let l = v - 0. What are the prime factors of k(l)?
2, 3
Let d(c) = -2*c - 7. Let m = 16 - 11. Suppose -26 = 3*f - 2*f + 4*j, -f - 30 = m*j. What are the prime factors of d(f)?
13
Let w(u) = 3*u**2 + 19*u + 39. List the prime factors of w(-13).
13, 23
Suppose -3*h + 69 + 153 = 0. What are the prime factors of h?
2, 37
Suppose -q - 3*q + 24 = 4*n, -q - 3*n + 10 = 0. Suppose q*f + f - 110 = 0. What are the prime factors of f?
2, 11
Let m(p) = p**3 - 5*p**2 + 2*p - 5. Let s be m(5). Suppose 5*t = -4*d + 17, -d + 1 + 7 = s*t. What are the prime factors of 1 + (2 + 2 - d)?
2
Suppose h = -2*h - 117. Let d = h + 71. List the prime factors of d.
2
Let n be (-3)/6 - (-21)/6. Suppose -n*q - 2*q = 0. Suppose q = -z + 4*f + 15, 2*z + 2*z = 5*f + 60. List the prime factors of z.
3, 5
Let z = -4 + 7. Suppose z*y + 24 = -y. Let q = 2 - y. List the prime factors of q.
2
Let r(v) = -v**3 - 9*v**2 - 9*v - 5. Let o be r(-8). Suppose o*l - 53 = 100. What are the prime factors of l?
3, 17
Let u(j) = -17*j - 9. Let p(m) = 4*m + 2. Let x(f) = -9*p(f) - 2*u(f). Let z be x(-4). Let g = 15 - z. List the prime factors of g.
7
Suppose 4*c - 82 = 1446. List the prime factors of c.
2, 191
Let k(a) = a**3 + 11*a**2 - 13*a - 1. What are the prime factors of k(-12)?
11
Let y = 7 + 186. List the prime factors of y.
193
Let z = 363 + -240. What are the prime factors of z?
3, 41
Suppose w - m = -4*w - 48, -5*w = 3*m + 36. What are the prime factors of (-191)/w - (-6)/(-27)?
3, 7
Let v be 1 + (-1)/((-1)/2). Let f(b) = -3 + b + 3*b**2 - v*b + b**3 + 2. What are the prime factors of f(-3)?
5
Let o(v) = 5*v**2 - 3*v + 2. Let u(n) = -n**2 - 4*n + 7. Let c be u(-5). List the prime factors of o(c).
2
Suppose 4*g - 23 = 3*y - 239, -4*y + 3*g + 288 = 0. What are the prime factors of y?
2, 3
Suppose 4*q - 60 = -4*i, 2*q + 6*i - 24 = 2*i. What are the prime factors of q?
2, 3
Let f be ((-1)/(-1))/((-2)/(-10)). Suppose 9*k - f*k = 20. Suppose -12 - 8 = -k*q. What are the prime factors of q?
2
Let q(t) = t**3 - 5*t**2 + 3*t - 4. Let f be q(5). Let b be (-4)/(-22) - (-108)/f. Suppose b = -n + 3*n. List the prime factors of n.
5
Let o(q) be the second derivative of -q**5/60 + 7*q**4/24 - q**3/2 + q**2 - 2*q. Let x(w) be the first derivative of o(w). List the prime factors of x(5).
7
Let w = -40 - -134. Suppose 0 = -2*d + 4*p + p + w, 3*p + 202 = 4*d. What are the prime factors of d?
2, 13
Let w(j) = -j**2 + j + 17. Let f(q) = -q - 10. Let v(c) = -c**3 - 4*c**2 + 4*c + 6. Let p be v(-4). Let i be f(p). List the prime factors of w(i).
17
Let n = -85 - -283. List the prime factors of n.
2, 3, 11
Let i(s) = 6*s**2 + s + 2. Let r be i(2). Let w be (-603)/(-15) - 5/25. Let z = w - r. List the prime factors of z.
2, 3
Suppose 4*m + 21 - 169 = 0. What are the prime factors of m?
37
Let t(f) = f**3 - 4*f**2 + f + 3. Let n be t(3). Let l be 17/n + 4/6. What are the prime factors of (-47)/l + 4/(-10)?
3
Suppose -3*o + 124 = o. List the prime factors of o.
31
Let w(n) = -n**3 + n + 1. Let t be w(2). Let o(g) = -g**3 - 5*g**2 - 8*g - 7. List the prime factors of o(t).
3, 11
Suppose -n - 14 = -4*k, 4*n = n + 5*k - 14. Suppose -n*x - x = -78. Let d = x + -16. List the prime factors of d.
2, 5
Suppose 0*u = -u + 4, 2*y = u. List the prime factors of 3 + 13 + y + 2.
2, 5
Suppose 50 = -q + 126. What are the prime factors of q?
2, 19
Let j(g) = -13*g - 15. Let s(r) = 7*r + 7. Let f(c) = 3*j(c) + 5*s(c). List the prime factors of f(-7).
2, 3
Suppose 66 = -3*f - 12. Let q = -15 - f. List the prime factors of q.
11
Let r(f) = f**2 - 7*f - 9. List the prime factors of r(11).
5, 7
Suppose 0*x = -4*x + 48. Suppose -x = -7*c + 4*c. Let y(f) = 3*f. What are the prime factors of y(c)?
2, 3
Let v(u) = 2*u**2 - 4*u - 19. List the prime factors of v(-6).
7, 11
Let p(d) = d**2 - 2*d - 7. What are the prime factors of p(-7)?
2, 7
Suppose 0 = 4*k - p - 214, -p - 4*p = 5*k - 280. What are the prime factors of k?
2, 3
Suppose -4*b - 16 = -4*l, -l = -6*l - 3*b + 60. What are the prime factors of l?
3
Suppose -3*q + 31 - 5 = -4*d, -q + 6 = -4*d. Let p = q + -7. Suppose 12 = -p*o + 6*o. What are the prime factors of o?
2
Let q be (1 - 2)/(3 + -2). Let n be (-5 + 0)/(q/4). List the prime factors of (24/n)/(3/10).
2
Suppose -5*b = -20, -3*z + z - 3*b = -36. Suppose -2*v + v = -z. What are the prime factors of v?
2, 3
Let g be (-1)/(-4*(-4)/32). Let y = 3 - g. List the prime factors of y.
5
What are the prime factors of (-1222)/(-7) + -1 + (-50)/(-35)?
5, 7
Let w be (-2 + (-3 - -4))*-3. Suppose 23 = 2*x + w*u, 5*x + 4*u - 48 - 20 = 0. List the prime factors of x.
2
Let t(f) = f**3 - 12*f**2 - 12*f - 8. Let q be t(13). Let g(r) = -r**3 + 7*r**2 - 5*r + 4. What are the prime factors of g(q)?
29
Let k = -23 + 33. Suppose -n = -k - 6. What are the prime factors of n?
2
Let o = -11 + 16. List the prime factors of (-324)/(-10) - 2/o.
2
Let z(f) = 13*f**2. What are the prime factors of z(1)?
13
What are the prime factors of (3*(-28)/(-36))/((-2)/(-36))?
2, 3, 7
List the prime factors of 1195/7 + 2 + 28/98.
173
Let b(v) = -v**3 + v**2 + 2*v. Let t(y) = y**2 - 8*y + 8. Let o be t(8). Suppose 0 = 5*n + d + o, -2*n - n = 3*d. What are the prime factors of b(n)?
2
Suppose 2*b + 23 = 4*h - 1, -3*h + 12 = -3*b. What are the prime factors of 34 - h*(-4)/(-8)?
2, 3, 5
Suppose 0*r = -4*b + 2*r - 6, 3*b - 18 = -3*r. Suppose -4*x = -4*s + 4, -4*s + 2*x = -0*x - 12. Suppose -b = s*l - 36. What are the prime factors of l?
7
Let m be (7 - 2)*(-24)/(-10). Let v = m + -7. Suppose 31 = v*r - 3*a, 0*r + 4*a - 4 = r. What are the prime factors of r?
2
Let a = -7 - -9. Suppose -4*x = -a*x - 2. What are the prime factors of -1 + (17 - x/1)?
3, 5
Suppose -87 = -3*p - 3*y, p - 28 + 5 = y. What are the prime factors of p?
2, 13
Let w(o) = -o**3 + 6*o**2 - 3*o - 5. Let u be w(5). Suppose u = 5*d - 5. Suppose 55 = 7*r - d*r. List the prime factors of r.
11
Let p = -10 + 16. Let n be (3/6)/(-1)*6. Let y = n + p. What are the prime factors of y?
3
Let t(d) = 7*d**3 + 1. Let o be t(1). Let f(s) = 3*s - 5. Let k be f(o). List the prime factors of (-1)/(-4) + k/4.
5
Let g = -1 + 3. Suppose -f - g*f = -54. Suppose -f = -5*z + 37. What are the prime factors of z?
11
Suppose -q = 2*f - 5, 4*q - 3*f - 59 = 2*f. Let k = q - -19. List the prime factors of k.
2, 3, 5
Let s = -9 - -3. Let b = s + 11. Suppose o = b*o - 24. What are the prime factors of o?
2, 3
Let v be (-4)/14 + (-32)/(-14). Suppose v*b - 16 = -2*b. Suppose 0 = 2*l + b*k + 4 + 6, -4*k = 16. What are the prime factors of l?
3
Suppose 2*i = 22 + 136. Suppose -3*n = -2*o + 248, i = 4*o - 4*n - 425. What are the prime factors of o/12 - 1/(-6)?
11
Let d(p) be the first derivative of p**3/3 - 3*p**2/2 + 2*p - 4. What are the prime factors of d(6)?
2, 5
Let x = 39 + -23. Suppose -4*g + 0*g = -x. Suppose g*a - s + 7 = 33, -3*s = 4*a - 34. What are the prime factors of a?
7
Let i be (2 - 5)*2/(-3). Suppose 0 = -7*r + i*r + 30. List the prime factors of r.
2, 3
Suppose 6*d = 8*d - 50. What are the prime factors of d?
5
Suppose 2*c - 180 = -106. What are the prime fa